2368
What is 565 (base 16) in base 6?
10221
What is -20110 (base 3) in base 14?
-c6
-31222 (base 6) to base 13
-1ba4
What is 1000000000011000 (base 2) in base 8?
100030
What is -3271 (base 12) in base 13?
-26b6
Convert -1254 (base 6) to base 9.
-387
Convert -220 (base 3) to base 13.
-1b
Convert -5306 (base 9) to base 15.
-1249
Convert -2114 (base 9) to base 2.
-11000010000
Convert 810 (base 14) to base 3.
2011121
120547 (base 8) to base 4
22011213
-1147 (base 9) to base 13
-508
-2042413 (base 5) to base 14
-c604
Convert 1210 (base 10) to base 6.
5334
10077 (base 12) to base 9
31511
What is 1011100000 (base 2) in base 11?
60a
10011100101101 (base 2) to base 4
2130231
12111 (base 3) to base 2
10010100
2112101 (base 3) to base 6
12314
Convert -34 (base 5) to base 14.
-15
-49 (base 12) to base 8
-71
What is -26a (base 15) in base 6?
-2314
Convert -1000110010111101 (base 2) to base 14.
-d1b7
What is -111121 (base 3) in base 12?
-267
4092 (base 15) to base 8
32505
Convert 137b (base 14) to base 15.
1046
42556 (base 7) to base 6
120544
What is -21455 (base 6) in base 4?
-232223
-296 (base 15) to base 10
-591
12a46 (base 14) to base 5
2432201
What is 103230 (base 4) in base 6?
5500
21660 (base 9) to base 13
6720
What is -55062 (base 7) in base 5?
-420024
33522 (base 10) to base 6
415110
Convert -9a27 (base 11) to base 4.
-3032202
Convert 4922 (base 11) to base 2.
1100100100101
What is 2313 (base 4) in base 15?
c3
What is 471 (base 10) in base 9?
573
What is -10517 (base 9) in base 11?
-5278
What is 2311020 (base 4) in base 10?
11592
480 (base 13) to base 8
1414
Convert -424 (base 8) to base 6.
-1140
-1000111110011111 (base 2) to base 8
-107637
What is 1251 (base 6) in base 13?
1b7
-111221220 (base 3) to base 6
-115040
-247 (base 13) to base 7
-1105
-10010000110111 (base 2) to base 16
-2437
What is -1310 (base 5) in base 10?
-205
2010221 (base 4) to base 13
3b30
What is 1122000 (base 3) in base 9?
1560
130502 (base 7) to base 13
b06c
Convert 2b (base 13) to base 8.
45
What is -13664 (base 10) in base 8?
-32540
-410304 (base 5) to base 9
-20101
What is 617 (base 11) in base 15?
349
What is -627 (base 8) in base 5?
-3112
Convert -5750 (base 8) to base 15.
-d83
What is 110011110010100 (base 2) in base 3?
1100101002
What is 101201 (base 3) in base 16?
121
Convert -1302321 (base 4) to base 6.
-54013
Convert 503d (base 15) to base 4.
10020211
What is 304 (base 8) in base 12?
144
Convert 6f79 (base 16) to base 15.
86c7
Convert -8b0 (base 12) to base 9.
-1676
16c (base 13) to base 3
100121
-133 (base 5) to base 12
-37
Convert -102233 (base 4) to base 16.
-4af
Convert -172 (base 10) to base 12.
-124
Convert cb7b (base 14) to base 3.
1210021110
What is 3368 (base 9) in base 3?
10102022
-2c4 (base 16) to base 9
-866
What is 2ed (base 16) in base 15?
34e
Convert -577 (base 15) to base 13.
-742
What is -34442 (base 6) in base 10?
-4922
44030 (base 7) to base 8
25365
Convert -421620 (base 7) to base 10.
-72681
101011100111 (base 2) to base 15
c61
Convert -14b06 (base 12) to base 13.
-10401
What is -11101100 (base 2) in base 16?
-ec
Convert 2333 (base 5) to base 12.
247
-123023 (base 4) to base 15
-7ae
Convert -595 (base 14) to base 9.
-1464
What is -20210 (base 3) in base 12?
-133
Convert -4125 (base 11) to base 16.
-1560
Convert 134330 (base 6) to base 2.
11000101101110
Convert -13045 (base 6) to base 2.
-11110110101
1002001 (base 3) to base 15
374
-232243 (base 6) to base 7
-112140
-40341 (base 6) to base 13
-2560
32350 (base 8) to base 4
3103220
449 (base 10) to base 8
701
What is 110000101110011 (base 2) in base 4?
12011303
What is -323231 (base 4) in base 16?
-eed
Convert 1224 (base 10) to base 15.
569
5343 (base 6) to base 4
102333
What is -50 (base 8) in base 6?
-104
What is -46 (base 10) in base 8?
-56
-45024 (base 7) to base 9
-16486
What is -847 (base 16) in base 12?
-1287
Convert 1710 (base 9) to base 16.
519
4333 (base 7) to base 10
1543
What is -13335 (base 9) in base 7?
-35210
-1174 (base 15) to base 12
-2191
-99 (base 12) to base 14
-85
Convert -36046 (base 8) to base 14.
-587c
Convert 1051543 (base 6) to base 5.
3203214
750a (base 12) to base 14
4962
Convert -211020111 (base 3) to base 6.
-203021
-15a5 (base 14) to base 16
-f1d
What is 100001101 (base 2) in base 8?
415
74 (base 12) to base 11
80
Convert 126610 (base 7) to base 5.
1231333
What is 130022 (base 5) in base 14?
1b80
-b057 (base 12) to base 3
-222011111
1003200 (base 4) to base 15
1430
Convert -10267 (base 8) to base 2.
-1000010110111
What is 2023 (base 7) in base 6?
3131
122121 (base 5) to base 10
4661
60700 (base 10) to base 12
2b164
Convert -1821 (base 11) to base 13.
-1098
Convert 166 (base 12) to base 9.
266
-10208 (base 16) to base 5
-4103211
What is -3302 (base 4) in base 10?
-242
Convert 408a (base 16) to base 10.
16522
What is 824 (base 14) in base 8?
3100
Convert 2203332 (base 4) to base 12.
60a6
What is c692 (base 14) in base 2?
1000010110111000
-13202 (base 11) to base 3
-221220012
1002011 (base 3) to base 7
2203
What is -10253 (base 6) in base 3?
-1220220
-4b1 (base 13) to base 16
-334
2073 (base 11) to base 2
101010110110
-c2b (base 15) to base 12
-1705
-329 (base 11) to base 16
-18a
1b9 (base 12) to base 13
18c
Convert -121211 (base 3) to base 10.
-454
Convert -101110001 (base 2) to base 9.
-450
What is 7c0 (base 13) in base 4?
110323
What is -1654 (base 12) in base 4?
-221200
What is -132 (base 6) in base 2?
-111000
-346e (base 15) to base 2
-10101101111001
Convert -156 (base 14) to base 15.
-132
What is 43d2 (base 15) in base 4?
3200210
What is -1402 (base 6) in base 7?
-1025
62028 (base 9) to base 16
9f92
449 (base 16) to base 3
1111122
-4357 (base 9) to base 11
-245a
What is 101111101011000 (base 2) in base 10?
24408
Convert -3221 (base 8) to base 6.
-11441
Convert -1cc (base 14) to base 8.
-570
Convert -2015 (base 6) to base 10.
-443
Convert 1799 (base 10) to base 16.
707
-3102021 (base 4) to base 3
-200110010
Convert 4626 (base 7) to base 15.
776
-2320 (base 6) to base 5
-4202
-62679 (base 10) to base 9
-104873
Convert 205105 (base 7) to base 2.
1000101000110111
Convert -1008 (base 10) to base 5.
-13013
Convert -1db (base 15) to base 4.
-12233
1a63 (base 13) to base 11
2a88
Convert 3031133 (base 4) to base 8.
31537
-5228 (base 11) to base 16
-1b0f
Convert -16cb (base 13) to base 7.
-12564
95 (base 16) to base 15
9e
Convert 2604 (base 7) to base 6.
4320
Convert -2450 (base 8) to base 6.
-10040
Convert -32323 (base 5) to base 15.
-9c8
100020010 (base 3) to base 7
25416
Convert -102020 (base 3) to base 11.
-256
-391 (base 10) to base 7
-1066
What is -925 (base 10) in base 14?
-4a1
-2211222110 (base 3) to base 2
-1101101100110110
Convert 74 (base 14) to base 9.
123
What is 574c (base 13) in base 9?
17701
-210102022 (base 3) to base 8
-36376
What is -1a2 (base 13) in base 7?
-610
What is 807 (base 9) in base 11?
546
What is 2231 (base 6) in base 16?
20b
1a25 (base 14) to base 11
3617
12212022 (base 4) to base 5
1331033
What is 102138 (base 9) in base 5?
3414443
5f5 (base 16) to base 9
2074
What is -1031 (base 7) in base 4?
-11231
-1413 (base 6) to base 8
-561
What is -6014 (base 7) in base 13?
-c32
What is 222202 (base 6) in base 9?
27522
201111 (base 4) to base 8
4125
Convert 1010 (base 2) to base 7.
13
Convert 74a5 (base 14) to base 15.
5e77
What is -20222 (base 4) in base 2?
-1000101010
What is -100010010001 (base 2) in base 11?
-1714
Convert 122202 (base 4) to base 2.
11010100010
What is -44342 (base 10) in base 6?
-541142
What is 3a1c (base 14) in base 4?
2133222
-30434 (base 5) to base 11
-1553
-425 (base 6) to base 14
-b7
Convert -11101110100010 (base 2) to base 5.
-442031
2222312 (base 4) to base 7
43610
-2012010121 (base 3) to base 16
-a864
What is -2b37 (base 16) in base 10?
-11063
What is -2100 (base 6) in base 14?
-256
Convert -34462 (base 10) to base 15.
-a327
What is 2594 (base 14) in base 4?
1213012
Convert 1213 (base 4) to base 8.
147
-7107 (base 8) to base 5
-104110
Convert 18127 (base 9) to base 16.
30d3
Convert 126064 (base 7) to base 11.
168a8
Convert -54 (base 7) to base 6.
-103
-3180 (base 9) to base 4
-210210
-12516 (base 9) to base 6
-103023
What is 1072 (base 9) in base 11?
662
1041 (base 7) to base 8
564
Convert 1054 (base 8) to base 6.
2324
W